2 - 5*r**2 - 3 + 0*r**2. Let a(p) = -7*k(p) - 6*u(p). What is a(5)?
2
Let a(q) = q**2 + 7*q + 12. Let h(b) = -2*b**2 - 14*b - 23. Let c(o) = -5*a(o) - 3*h(o). Let i be c(-6). Let k(j) = j**3 - j**2 - 3*j - 1. Calculate k(i).
8
Let g(h) = h + 2. Let n(b) = 2*b + 5. Let p(y) = 11*g(y) - 4*n(y). Let v = 3 + -14. Let j = 8 + v. Calculate p(j).
-7
Let r(n) be the second derivative of n**5/120 - n**4/4 + n**3/3 - n. Let l(t) be the second derivative of r(t). Let o = 2 - 2. Determine l(o).
-6
Let q(w) = 2*w**3 + 0*w**3 - 4*w**3 + w**2. Suppose 0 = 4*m - 20. Suppose s - 6*s = -m. Give q(s).
-1
Let i = -9 + 4. Let o(p) = -p**3 - 6*p**2 - 4*p + 7. Calculate o(i).
2
Let c(y) = -y**3 + y**2 - y + 9. Suppose 0*q = -5*q. Calculate c(q).
9
Let z(r) = -r - 12. Suppose 17 + 159 = -2*y. Let v be ((-6)/(-8))/(11/y). Give z(v).
-6
Let j(g) = g**3 - 3*g**2 - 3*g. Let h(t) = -t**2 + 3*t. Let f be h(3). Suppose 5*z - 3*z + 2 = f, 13 = 4*x + 3*z. What is j(x)?
4
Suppose -3*q - 3*j = 0, -q = -4*q - 5*j - 6. Let i(d) = -4*d + 1 - 1 + 1 + q*d. Calculate i(3).
-2
Let w(m) = m**3 - 4*m**2 + 2*m - 2. Let p(k) = 9*k - 51. Let q be p(6). Determine w(q).
-5
Suppose -28 = 5*r + 2. Let a(n) = n**2 + 4*n - 9. Let z(i) = 2*i**2 + 9*i - 19. Let l(d) = r*z(d) + 13*a(d). Suppose 83 - 73 = -5*v. Calculate l(v).
5
Suppose -2*g - 2*g + 24 = 0. Let l be 1*-6*(-3)/g. Suppose 2*c - c = l. Let o(x) = x**3 - 4*x**2 + 5*x - 3. Determine o(c).
3
Let n(p) = -3*p. Suppose -10*z - 12 = -2. What is n(z)?
3
Let z(u) = u**2 - 9*u + 6. Let n be z(8). Let o(g) = 3*g**2 + 3*g. What is o(n)?
6
Let m(y) = 2*y**3 + 5*y**2 + 2*y + 2. Let w(s) = s**3. Let u(l) = -l**2 - 7*l + 1. Let p be u(-7). Let z(d) = p*m(d) - 3*w(d). Determine z(5).
12
Suppose l + 5 = 3, -3*y - 7 = 5*l. Let m be ((y - 1) + 1)*1. Let o(g) = g**2 + m + 2*g - 2*g**2 - 4. Determine o(3).
-6
Let v(n) = -n + n**3 + 0*n - 2 - 4*n**2 - 2*n. Let y(r) = -r**2 - 7*r - 5. Let d be y(-2). What is v(d)?
8
Let u be 7/14 + (-1)/2. Let l(y) = -y**3 + y**2 - 7. What is l(u)?
-7
Let l be (2/6)/(1/(-3)). Let i(v) be the third derivative of 0 + 1/6*v**3 + 1/12*v**4 + 2*v**2 + 0*v - 1/15*v**5. Give i(l).
-5
Suppose -4*t + 4 = 0, -9 - 23 = 4*p - 4*t. Let b = -4 - p. Suppose -7 = -b*l + 8. Let i(d) = d**2 - 5*d - 4. Give i(l).
-4
Suppose -3*x = -2 - 7. Suppose x*s = -3 + 6. Let b(t) = 1 - t + 0 - s. Give b(-4).
4
Let i(u) = -u**2 - u + 1. Let p(q) = -2*q**2 - 2*q + 1. Suppose m = 2*m - 1. Let w be p(m). Calculate i(w).
-5
Suppose -a = w + 1, -4*w + 8*w - 14 = 5*a. Let h(i) = i**2. Determine h(w).
1
Let i(p) = -p**2 + 2*p + 7. Let v(b) = -b - 6. Let g be v(-5). Let q(n) = 6*n**2 - 1. Let a be q(g). What is i(a)?
-8
Let z(i) = -4*i**2 - 1. Suppose 2*w = -p + 2, 2*w + 3*p - 15 = 5*w. What is z(w)?
-5
Let v(m) = -24*m**2 + 72*m**2 - m - 24*m**2 - 25*m**2. Let w be ((-3)/2)/(3/4). What is v(w)?
-2
Suppose 8*i = 3*i + 20. Let u(q) = -2*q. Let d(h) = -3*h - 1. Let o(n) = -3*d(n) + 2*u(n). Let a(k) = -6*k - 3. Let p(s) = -6*a(s) - 7*o(s). What is p(i)?
1
Let s(j) = -j + 4. Suppose -4*u = -n + 28, -2*u = 8*n - 5*n + 28. Let r = -5 - u. Calculate s(r).
1
Let h(y) be the third derivative of -y**5/60 + y**4/12 + 33*y**2. Give h(3).
-3
Let r(d) = -2*d**2 - 10*d - 7. Let z(s) = s**2 + 5*s + 1. Let l(b) = -1. Let x(v) = -3*l(v) + z(v). Let w(o) = -4*r(o) - 7*x(o). Calculate w(-4).
-4
Suppose 21 - 6 = 5*j. Suppose -d = -4*d + 9. Let u(g) = d*g - 5*g + 4 + 3*g. What is u(j)?
7
Let g(v) = v**3 - 5*v**2 + v + 2. Let o be (-3)/(5/(1 - 6)). Calculate g(o).
-13
Let b = 8 + -4. Let w(g) = -4*g**2 + 4*g - b + 3 - g**3 - 3. Give w(-5).
1
Let y(z) = 9*z + 0*z**2 + 5*z**2 - z**2 + 4 - z**3 - 5*z. What is y(5)?
-1
Let x(d) = -5*d**2 + 9*d - 1. Let k(o) = -9*o**2 + 17*o - 1. Let z(j) = -4*k(j) + 7*x(j). Calculate z(6).
3
Let c be ((-12)/10)/(3/(-10)). Let d(f) = f**3 - 3*f**2 + f - 1. Let j be d(3). Let u(o) = 4 + 2*o - c*o - j. Give u(4).
-6
Let i(o) = o**2 + 4*o - 3. Let j(g) = -g**3 - 5*g**2 - 5*g - 1. Let p be j(-4). Suppose -3 = -p*l - 0*l + 3*r, 0 = -3*l - 4*r - 32. Calculate i(l).
-3
Let v(y) = -1 - y + 5 - 2. Let k be v(6). Let h(l) = 3*l - l - 2 + 0. Determine h(k).
-10
Let k = 24 - 18. Let v(q) = q**2 - 6*q + 3. Calculate v(k).
3
Let m(i) = i**3 - 4*i**2 + 2*i + 1. Let r = -13 - -16. Give m(r).
-2
Let z(i) = -5 + 12*i + 17*i - 31*i. Suppose -3*r = -5*n - 21, -7 - 20 = 5*n - r. What is z(n)?
7
Let r(t) = -2*t**2 - 9*t - 2. Let v be r(-4). Let w(j) be the first derivative of -j - 2 - 1/2*j**v + 1/3*j**3. Determine w(3).
5
Let p be (-2)/(-6) - 20/(-30). Let u(k) be the second derivative of -9*k**5/20 - k**4/6 + k**3/6 - 4*k. Determine u(p).
-10
Let o(l) = -l**2 - 21*l + 41. Let i be o(-23). Let g(m) be the first derivative of -m**3/3 - 7*m**2/2 - 2*m + 1. What is g(i)?
8
Let o be 33/18 + 3/(-9). Let u(k) be the first derivative of -1 + k**3 + o*k**2 + 4*k + 1/4*k**4. What is u(-3)?
-5
Let b = 5 + 0. Let h(c) be the second derivative of -c**4/12 + c**3 - c**2/2 + 4*c. Calculate h(b).
4
Suppose 3*d - d = 4. Suppose m + d = 2*m. Let o(l) = -l**3 + 5*l**2 - 2*l + 2. Give o(m).
10
Let s(x) = -4*x**3 + 4*x**2 - 10*x + 12. Let p(u) = -3*u**3 + 5*u**2 - 9*u + 11. Let j(f) = -3*p(f) + 2*s(f). Let r be j(6). Let y(g) = 2*g + 3. Determine y(r).
-3
Let c(o) = -o**3 + 3*o - 9*o**2 + 7*o**2 + 0*o**2. Give c(2).
-10
Let v(g) = g**2 + 5*g - 1. Let d = -9 + 11. Suppose j = d*j - 3. Suppose -2*r - 20 = j*r. Calculate v(r).
-5
Let p be 4 - (2 + -4)/(-1). Let a be (1 + (-1)/p)*-8. Let j(b) = 3*b**2 - b + b**3 + 1 - 5*b - 3. What is j(a)?
6
Let n(u) = -u**2 - 7*u - 2. Let x be n(-7). Let a be 36/10 - x/5. Let q(j) = 2*j - 4. Calculate q(a).
4
Let v(a) be the first derivative of 1/4*a**4 + 7/2*a**2 - 1 + 5*a + 5/3*a**3. Give v(-4).
-7
Let u be 3/(-2)*12/18. Let t be 0 + 1 + 3/u. Let y be t - (1 + 1) - -1. Let g(h) = -h**2 - 3*h - 4. Give g(y).
-4
Let z(d) = d**2 - 8*d - 5. Suppose -3*r = -12, -i - 3*r + 18 = 2*i. Suppose -n + i = -x - 8, 10 = -n - 4*x. Give z(n).
-17
Let z be (-24)/24 - 3/(-1). Let f(v) be the first derivative of -1/4*v**4 - 2*v + 1 + 2/3*v**3 - v**2. What is f(z)?
-6
Let d(z) = 2*z. Let b = -3 - -6. Let t = -6 + b. What is d(t)?
-6
Let l = -11 + 13. Let t(d) = d**2 + d - 2*d - l*d - 7 + d. Determine t(5).
8
Let f = -7 + 4. Let h(t) = 6*t - 1. Let l(d) = -d. Suppose 4*j = -9 + 5. Let o(c) = f*l(c) + j*h(c). Give o(-1).
4
Let x(m) = -1 + 3*m**2 + 2*m**2 - 3*m**3 + 2*m**3. Let w = 10 + -6. Suppose 4*c = w*h + 24, -4*c + 15 = -h + 6*h. Calculate x(c).
-1
Suppose 0 = -v - 3*v - 16, 5*v + 5 = -5*a. Suppose 0 = -x + a*x. Let q(f) = f**2 + 4. Determine q(x).
4
Suppose -15 = 3*r, m - 4*m = -2*r + 8. Let y be m*(-2 - 16/(-6)). Let g(s) = 0*s + s + 0 + 2 - 2*s**2 - 6*s. Determine g(y).
-10
Suppose 3*r = 9, l + 7 = 4*r - 3. Let q(j) = 1 - j**2 - 2*j + 2*j. Let v(p) = -5*p**2 - 3*p + 8. Let d(t) = -6*q(t) + v(t). Give d(l).
0
Suppose -5*n - r + 0*r + 33 = 0, 4*n - 18 = -5*r. Let d(l) = 6*l**2 - 17*l**2 - 1 + n*l**2. Give d(1).
-5
Let j(g) = -7*g - 4*g - 3*g + 4 + 13*g. Give j(5).
-1
Let s(k) = -k**3 - k**2. Let a be s(0). Let w be (a + 1)/(2/4). Let l(u) = u + 8. Let g(c) = -7. Let o(v) = -5*g(v) - 4*l(v). Calculate o(w).
-5
Let g be -1*1/2*2. Let c be (-20)/(-35)*(-14)/(-4). Let h(x) = -7*x**2 + c*x**2 + 1 - 2*x**2 + 5*x**2 + x**3. Determine h(g).
-2
Let d be (-4 + (-130)/(-35))*(-3 + 10). Let h(m) be the first derivative of -1 - 3*m - 2*m**2 + 1/3*m**3. Calculate h(d).
9
Let p(r) = -r + 5. Suppose 0 = 4*f - 5*a - 52, 5*f + 3*a - 10 - 18 = 0. What is p(f)?
-3
Let c(y) = y**2 + 1. Suppose -t = -5*m + 12, 2 = 2*t - 6*t - 3*m. What is c(t)?
5
Let f(m) = -m**3 - 6*m**2 - 3*m + 5. Let c be f(-5). Let z = -14 + 20. Let o(s) = 3*s - 5*s - 4*s - 2*s**3 + 3 + s**3 - z*s**2. Give o(c).
8
Suppose -n - 1 = -c, 0 = 4*n - n - 4*c - 1. Let a(t) = t**2 + 5*t - 6. Let b be a(n). Let f(z) = -z**3 - 6*z**2 - 2*z - 6. Calculate f(b).
6
Let t = -3 - -1. Let w(d) be the third derivative of d**6/120 + d**5/12 + d**4/12 + d**3/2 + 15*d**2. What is w(t)?
11
Let i(w) = -5 + 12*w - 3*w - w + w - w**2. Give i(5).
15
Let h(d) = -d**2 - d. Let n(l) = -4*l**2 + l + 1. Let b(m) = 3*h(m) - n(m). Give b(4).
-1
Suppose 3*u - 32*k = -37*k - 21, 12 = -4*k. Let b(w) be the first derivative of w**4/2 + 2*w**3/3 + 3*w**2/2 + w + 